me factors of 1330342127.
43, 30938189
What are the prime factors of 783477?
3, 263, 331
List the prime factors of 330247911.
3, 7, 19, 29, 28541
What are the prime factors of 11136681?
3, 389, 3181
What are the prime factors of 696125613?
3, 23, 2137, 4721
List the prime factors of 36011277.
3, 1333751
List the prime factors of 11337085.
5, 2267417
What are the prime factors of 2287645479?
3, 7, 3847, 9439
What are the prime factors of 273676180?
2, 5, 13683809
List the prime factors of 893469894.
2, 3, 5683, 26203
What are the prime factors of 91893078?
2, 3, 5105171
List the prime factors of 57484896.
2, 3, 7, 131, 653
What are the prime factors of 312488081?
312488081
List the prime factors of 126569542.
2, 11, 41, 140321
List the prime factors of 205378552.
2, 1777, 14447
What are the prime factors of 8560742?
2, 29, 103, 1433
What are the prime factors of 4776912?
2, 3, 7, 677
What are the prime factors of 372373713?
3, 1951, 7069
List the prime factors of 21473746.
2, 7, 29, 227, 233
What are the prime factors of 127551061?
11, 61, 1571
What are the prime factors of 77148892?
2, 19, 67, 109, 139
List the prime factors of 2476350307.
1201, 2061907
List the prime factors of 21071456.
2, 7, 19, 4951
What are the prime factors of 697095769?
19, 36689251
List the prime factors of 84620211.
3, 13, 2169749
List the prime factors of 201564457.
8563, 23539
List the prime factors of 1049522857.
59, 1949, 9127
List the prime factors of 34184687.
139, 331, 743
List the prime factors of 429895543.
7, 11, 89, 62731
What are the prime factors of 172695190?
2, 5, 311, 55529
List the prime factors of 1025215963.
223, 4597381
What are the prime factors of 9379995?
3, 5, 109, 5737
What are the prime factors of 1801353?
3, 600451
What are the prime factors of 201435636?
2, 3, 16786303
What are the prime factors of 4842210845?
5, 163, 367, 16189
What are the prime factors of 530234574?
2, 3, 2731, 32359
List the prime factors of 22435531.
29, 137, 5647
List the prime factors of 529030169.
1567, 337607
List the prime factors of 329668086.
2, 3, 11, 311, 16061
List the prime factors of 511348502.
2, 7, 73, 500341
What are the prime factors of 2493553836?
2, 3, 673, 308761
What are the prime factors of 143815858?
2, 71907929
What are the prime factors of 734157603?
3, 41, 233, 8539
What are the prime factors of 314866339?
43, 479, 15287
What are the prime factors of 76982865?
3, 5, 5132191
What are the prime factors of 251341096?
2, 31417637
What are the prime factors of 183105230?
2, 5, 7, 11, 37, 6427
What are the prime factors of 1821390120?
2, 3, 5, 11, 31, 37, 401
What are the prime factors of 2052394198?
2, 1026197099
What are the prime factors of 4217574?
2, 3, 509, 1381
List the prime factors of 840088496.
2, 13, 19, 212573
List the prime factors of 347884726.
2, 7, 191, 130099
What are the prime factors of 1058705690?
2, 5, 7, 41, 293, 1259
What are the prime factors of 5899472920?
2, 5, 11, 1181, 11353
What are the prime factors of 350639102?
2, 11, 61, 261281
What are the prime factors of 334574787?
3, 43, 613, 4231
List the prime factors of 46677747.
3, 43, 361843
What are the prime factors of 50779170?
2, 3, 5, 13, 17, 23, 37
List the prime factors of 102612152.
2, 79, 229, 709
What are the prime factors of 8027920865?
5, 53, 101, 299941
What are the prime factors of 146415499?
146415499
List the prime factors of 125176074.
2, 3, 23, 907073
List the prime factors of 3950090570.
2, 5, 395009057
What are the prime factors of 44399086?
2, 19, 1168397
List the prime factors of 52520984.
2, 6565123
List the prime factors of 537977634.
2, 3, 2141, 41879
What are the prime factors of 391386382?
2, 79, 2477129
List the prime factors of 38387616.
2, 3, 399871
List the prime factors of 1289056140.
2, 3, 5, 19, 125639
List the prime factors of 263451370.
2, 5, 7, 13, 29, 67, 149
What are the prime factors of 32747955?
3, 5, 47, 46451
What are the prime factors of 1774050084?
2, 3, 49279169
What are the prime factors of 137102286?
2, 3, 22850381
What are the prime factors of 23239940?
2, 5, 1161997
List the prime factors of 364392495.
3, 5, 173, 46807
List the prime factors of 137508629.
41, 3353869
List the prime factors of 45812349.
3, 11, 359, 1289
List the prime factors of 191554693.
11, 257, 67759
List the prime factors of 46608182.
2, 109, 213799
What are the prime factors of 71828228?
2, 41, 437977
List the prime factors of 1414879492.
2, 13, 29, 72173
List the prime factors of 141072378.
2, 3, 19, 109, 11353
List the prime factors of 57130750.
2, 5, 228523
List the prime factors of 86854720.
2, 5, 269, 1009
List the prime factors of 788790802.
2, 89, 149, 29741
What are the prime factors of 2892104275?
5, 115684171
What are the prime factors of 39935678?
2, 19967839
List the prime factors of 1975261382.
2, 17, 827, 70249
List the prime factors of 250856641.
7, 17, 29, 157, 463
What are the prime factors of 48140411?
11, 4376401
List the prime factors of 1752277559.
1752277559
What are the prime factors of 45443677?
859, 52903
What are the prime factors of 479401354?
2, 97, 853, 2897
List the prime factors of 3065305416.
2, 3, 19, 6722161
List the prime factors of 410694913.
31, 13248223
List the prime factors of 3630992968.
2, 453874121
List the prime factors of 1849081935.
3, 5, 2459, 50131
What are the prime factors of 496684462?
2, 248342231
What are the prime factors of 5461887732?
2, 3, 7, 65022473
What are the prime factors of 5341910844?
2, 3, 445159237
What are the prime factors of 55650073?
55650073
What are the prime factors of 191617119?
3, 67, 317773
List the prime factors of 539544530.
2, 5, 7, 7707779
List the prime factors of 208135265.
5, 13, 43, 113, 659
List the prime factors of 10938892.
2, 23, 118901
List the prime factors of 271251867.
3, 73, 97, 113
List the prime factors of 14569128.
2, 3, 7, 137, 211
List the prime factors of 529187239.
7, 67, 463, 2437
List the prime factors of 15501123.
3, 11, 156577
List the prime factors of 685811071.
11, 2687, 23203
What are the prime factors of 324474587?
324474587
List the prime factors of 311050777.
43, 7233739
What are the prime factors of 408757836?
2, 3, 53, 642701
What are the prime factors of 34361912?
2, 13, 139, 2377
What are the prime factors of 1207191156?
2, 3, 23, 37, 118213
What are the prime factors of 837216722?
2, 19, 22032019
What are the prime factors of 936066981?
3, 8999, 34673
What are the prime factors of 47227386?
2, 3, 47, 223, 751
What are the prime factors of 306380367?
3, 11347421
What are the prime factors of 1071387042?
2, 3, 11, 61, 266117
What are the prime factors of 385307311?
29, 211, 62969
List the prime factors of 771695752.
2, 101, 139, 6871
List the prime factors of 125046653.
23, 31, 109, 1609
What are the prime factors of 672126506?
2, 336063253
What are the prime factors of 180192073?
180192073
What are the prime factors of 130832065?
5, 7, 13, 421, 683
List the prime factors of 420164110.
2, 5, 311, 135101
What are the prime factors of 30419617?
137, 222041
List the prime factors of 341927169.
3, 113975723
List the prime factors of 7553738801.
7, 1079105543
What are the prime factors of 43931170?
2, 5, 53, 82889
What are the prime factors of 1044969136?
2, 229, 285199
What are the prime factors of 526797918?
2, 3, 3251839
List the prime factors of 540087587.
13, 23, 1806313
What are the prime factors of 2966395041?
3, 1709, 2381
What are the prime factors of 235257028?
2, 58814257
What are the prime factors of 120188743?
103, 739, 1579
List the prime factors of 936977092.
2, 12911, 18143
List the prime factors of 1529208489.
3, 509736163
What are the prime factors of 67328849?
7, 73, 131759
What are the prime factors of 8389455?
3, 5, 559297
List the prime factors of 1583209503.
3, 1613, 36353
List the prime factors of 40334939.
23, 41, 42773
List the prime factors of 890036169.
3, 11, 26970793
List the prime factors of 167918437.
241, 696757
List the prime factors of 1174791736.
2, 19, 37, 208889
What are the prime factors of 1226903257?
101, 199, 61043
What are the prime factors of 989490496?
2, 53, 487, 599
List the prime factors of 113482015.
5, 22696403
List the prime factors of 119796830.
2, 5, 1103, 10861
What are the prime factors of